{"id":860,"date":"2020-03-26T19:43:09","date_gmt":"2020-03-26T18:43:09","guid":{"rendered":"https:\/\/labellabio.com\/?page_id=860"},"modified":"2024-01-15T21:14:41","modified_gmt":"2024-01-15T20:14:41","slug":"depilacion-bio-hilo-sugaring","status":"publish","type":"page","link":"https:\/\/labellabio.com\/index.php\/depilacion-bio-hilo-sugaring\/","title":{"rendered":"Depilaci\u00f3n BIO"},"content":{"rendered":"\t\t<div data-elementor-type=\"wp-page\" data-elementor-id=\"860\" class=\"elementor elementor-860\">\n\t\t\t\t\t\t<div class=\"elementor-inner\">\n\t\t\t\t<div class=\"elementor-section-wrap\">\n\t\t\t\t\t\t\t\t\t<section class=\"elementor-section elementor-top-section elementor-element elementor-element-b239b9c elementor-section-boxed elementor-section-height-default elementor-section-height-default\" data-id=\"b239b9c\" data-element_type=\"section\">\n\t\t\t\t\t\t<div class=\"elementor-container elementor-column-gap-default\">\n\t\t\t\t\t\t\t<div class=\"elementor-row\">\n\t\t\t\t\t<div class=\"elementor-column elementor-col-100 elementor-top-column elementor-element elementor-element-0d02ce5\" data-id=\"0d02ce5\" data-element_type=\"column\">\n\t\t\t<div class=\"elementor-column-wrap elementor-element-populated\">\n\t\t\t\t\t\t\t<div class=\"elementor-widget-wrap\">\n\t\t\t\t\t\t<div class=\"elementor-element elementor-element-754571b elementor-widget elementor-widget-heading\" data-id=\"754571b\" data-element_type=\"widget\" data-settings=\"{&quot;_animation&quot;:&quot;none&quot;}\" data-widget_type=\"heading.default\">\n\t\t\t\t<div class=\"elementor-widget-container\">\n\t\t\t<h2 class=\"elementor-heading-title elementor-size-xl\">Depilaci\u00f3n Bio<\/h2>\t\t<\/div>\n\t\t\t\t<\/div>\n\t\t\t\t<div class=\"elementor-element elementor-element-c4db97a animated-slow elementor-invisible elementor-widget elementor-widget-text-editor\" data-id=\"c4db97a\" data-element_type=\"widget\" data-settings=\"{&quot;_animation&quot;:&quot;fadeIn&quot;}\" data-widget_type=\"text-editor.default\">\n\t\t\t\t<div class=\"elementor-widget-container\">\n\t\t\t\t\t\t\t\t<div class=\"elementor-text-editor elementor-clearfix\">\n\t\t\t\t<p style=\"text-align: center;\">En la Bella Bio trabajamos con diferentes t\u00e9cnicas de depilaci\u00f3n natural para ofrecerte un amplio abanico de posibilidades de eliminar el vello eficazmente de manera suave y respetuosa con tu piel.\u00a0\u00a0\u00a0\u00a0\u00a0\u00a0\u00a0\u00a0\u00a0\u00a0\u00a0\u00a0\u00a0\u00a0\u00a0\u00a0\u00a0\u00a0\u00a0\u00a0\u00a0\u00a0\u00a0\u00a0\u00a0\u00a0\u00a0\u00a0\u00a0\u00a0\u00a0 \u00a0 \u00a0 \u00a0\u00a0\u00a0\u00a0\u00a0\u00a0\u00a0 Los productos que aplicamos antes y despu\u00e9s de la depilaci\u00f3n tambi\u00e9n son econaturales para que una vez terminada la sesi\u00f3n, t\u00fa y tu piel os sint\u00e1is de maravilla.<\/p>\t\t\t\t\t<\/div>\n\t\t\t\t\t\t<\/div>\n\t\t\t\t<\/div>\n\t\t\t\t\t\t<\/div>\n\t\t\t\t\t<\/div>\n\t\t<\/div>\n\t\t\t\t\t\t\t\t<\/div>\n\t\t\t\t\t<\/div>\n\t\t<\/section>\n\t\t\t\t<section class=\"elementor-section elementor-top-section elementor-element elementor-element-bfc2959 elementor-section-boxed elementor-section-height-default elementor-section-height-default\" data-id=\"bfc2959\" data-element_type=\"section\">\n\t\t\t\t\t\t<div class=\"elementor-container elementor-column-gap-default\">\n\t\t\t\t\t\t\t<div class=\"elementor-row\">\n\t\t\t\t\t<div class=\"elementor-column elementor-col-100 elementor-top-column elementor-element elementor-element-4615636\" data-id=\"4615636\" data-element_type=\"column\">\n\t\t\t<div class=\"elementor-column-wrap elementor-element-populated\">\n\t\t\t\t\t\t\t<div class=\"elementor-widget-wrap\">\n\t\t\t\t\t\t<div class=\"elementor-element elementor-element-95587a0 animated-slow elementor-invisible elementor-widget elementor-widget-heading\" data-id=\"95587a0\" data-element_type=\"widget\" data-settings=\"{&quot;_animation&quot;:&quot;fadeIn&quot;}\" data-widget_type=\"heading.default\">\n\t\t\t\t<div class=\"elementor-widget-container\">\n\t\t\t<h2 class=\"elementor-heading-title elementor-size-large\">Depilaci\u00f3n con Hilo<\/h2>\t\t<\/div>\n\t\t\t\t<\/div>\n\t\t\t\t<section class=\"elementor-section elementor-inner-section elementor-element elementor-element-3bdb26c elementor-section-boxed elementor-section-height-default elementor-section-height-default\" data-id=\"3bdb26c\" data-element_type=\"section\">\n\t\t\t\t\t\t<div class=\"elementor-container elementor-column-gap-default\">\n\t\t\t\t\t\t\t<div class=\"elementor-row\">\n\t\t\t\t\t<div class=\"elementor-column elementor-col-50 elementor-inner-column elementor-element elementor-element-c9c4ad1\" data-id=\"c9c4ad1\" data-element_type=\"column\">\n\t\t\t<div class=\"elementor-column-wrap elementor-element-populated\">\n\t\t\t\t\t\t\t<div class=\"elementor-widget-wrap\">\n\t\t\t\t\t\t<div class=\"elementor-element elementor-element-407df26 animated-slow elementor-invisible elementor-widget elementor-widget-text-editor\" data-id=\"407df26\" data-element_type=\"widget\" data-settings=\"{&quot;_animation&quot;:&quot;fadeInLeft&quot;,&quot;_animation_mobile&quot;:&quot;fadeInLeft&quot;}\" data-widget_type=\"text-editor.default\">\n\t\t\t\t<div class=\"elementor-widget-container\">\n\t\t\t\t\t\t\t\t<div class=\"elementor-text-editor elementor-clearfix\">\n\t\t\t\t<p style=\"text-align: center;\">La<strong> depilaci\u00f3n con hilo<\/strong> es una t\u00e9cnica milenaria y completamente natural de depilaci\u00f3n facial que tiene su origen en la India. Entre sus m\u00faltiples beneficios, destacar\u00edamos que <strong>no irrita la piel<\/strong>, por lo que es <strong>muy recomendable en pieles sensibles<\/strong>. No agrede ni a la piel ni al m\u00fasculo puesto que no hay tracci\u00f3n.\u00a0 Extrae el vello de raiz, incluso cuando es muy corto. Al eliminar el vello menos visible de todo el contorno de la ceja y ojos, <strong>aumenta la luminosidad de la mirada.<\/strong><\/p><p style=\"text-align: center;\">Labio superior&#8230;&#8230;7,50 \u20ac<br \/>Cejas&#8230;&#8230;.13 \u20ac<br \/>Ment\u00f3n&#8230;&#8230;11 \u20ac<\/p>\t\t\t\t\t<\/div>\n\t\t\t\t\t\t<\/div>\n\t\t\t\t<\/div>\n\t\t\t\t\t\t<\/div>\n\t\t\t\t\t<\/div>\n\t\t<\/div>\n\t\t\t\t<div class=\"elementor-column elementor-col-50 elementor-inner-column elementor-element elementor-element-f659e49\" data-id=\"f659e49\" data-element_type=\"column\">\n\t\t\t<div class=\"elementor-column-wrap elementor-element-populated\">\n\t\t\t\t\t\t\t<div class=\"elementor-widget-wrap\">\n\t\t\t\t\t\t<div class=\"elementor-element elementor-element-9d65cfc animated-slow elementor-invisible elementor-widget elementor-widget-image\" data-id=\"9d65cfc\" data-element_type=\"widget\" data-settings=\"{&quot;_animation&quot;:&quot;fadeInRight&quot;,&quot;_animation_mobile&quot;:&quot;fadeInRight&quot;}\" data-widget_type=\"image.default\">\n\t\t\t\t<div class=\"elementor-widget-container\">\n\t\t\t\t\t\t\t\t<div class=\"elementor-image\">\n\t\t\t\t\t\t\t\t\t\t\t\t<img loading=\"lazy\" decoding=\"async\" width=\"1024\" height=\"683\" src=\"https:\/\/labellabio.com\/wp-content\/uploads\/2020\/03\/rune-enstad-cowLgyb63c4-unsplash-1024x683.jpg\" class=\"attachment-large size-large\" alt=\"depilaci\u00f3n con hilo la bella bio\" srcset=\"https:\/\/labellabio.com\/wp-content\/uploads\/2020\/03\/rune-enstad-cowLgyb63c4-unsplash-1024x683.jpg 1024w, https:\/\/labellabio.com\/wp-content\/uploads\/2020\/03\/rune-enstad-cowLgyb63c4-unsplash-300x200.jpg 300w, https:\/\/labellabio.com\/wp-content\/uploads\/2020\/03\/rune-enstad-cowLgyb63c4-unsplash-768x512.jpg 768w, https:\/\/labellabio.com\/wp-content\/uploads\/2020\/03\/rune-enstad-cowLgyb63c4-unsplash-1536x1025.jpg 1536w, https:\/\/labellabio.com\/wp-content\/uploads\/2020\/03\/rune-enstad-cowLgyb63c4-unsplash-scaled-e1585399228450.jpg 500w\" sizes=\"auto, (max-width: 1024px) 100vw, 1024px\" \/>\t\t\t\t\t\t\t\t\t\t\t\t\t\t<\/div>\n\t\t\t\t\t\t<\/div>\n\t\t\t\t<\/div>\n\t\t\t\t\t\t<\/div>\n\t\t\t\t\t<\/div>\n\t\t<\/div>\n\t\t\t\t\t\t\t\t<\/div>\n\t\t\t\t\t<\/div>\n\t\t<\/section>\n\t\t\t\t\t\t<\/div>\n\t\t\t\t\t<\/div>\n\t\t<\/div>\n\t\t\t\t\t\t\t\t<\/div>\n\t\t\t\t\t<\/div>\n\t\t<\/section>\n\t\t\t\t<section class=\"elementor-section elementor-top-section elementor-element elementor-element-25ae913 elementor-section-boxed elementor-section-height-default elementor-section-height-default\" data-id=\"25ae913\" data-element_type=\"section\">\n\t\t\t\t\t\t<div class=\"elementor-container elementor-column-gap-default\">\n\t\t\t\t\t\t\t<div class=\"elementor-row\">\n\t\t\t\t\t<div class=\"elementor-column elementor-col-100 elementor-top-column elementor-element elementor-element-60af456\" data-id=\"60af456\" data-element_type=\"column\">\n\t\t\t<div class=\"elementor-column-wrap elementor-element-populated\">\n\t\t\t\t\t\t\t<div class=\"elementor-widget-wrap\">\n\t\t\t\t\t\t<div class=\"elementor-element elementor-element-dabfe7d animated-slow elementor-invisible elementor-widget elementor-widget-heading\" data-id=\"dabfe7d\" data-element_type=\"widget\" data-settings=\"{&quot;_animation&quot;:&quot;fadeIn&quot;,&quot;_animation_mobile&quot;:&quot;fadeIn&quot;}\" data-widget_type=\"heading.default\">\n\t\t\t\t<div class=\"elementor-widget-container\">\n\t\t\t<h2 class=\"elementor-heading-title elementor-size-xl\">Sugaring<\/h2>\t\t<\/div>\n\t\t\t\t<\/div>\n\t\t\t\t<section class=\"elementor-section elementor-inner-section elementor-element elementor-element-0d88578 elementor-section-boxed elementor-section-height-default elementor-section-height-default\" data-id=\"0d88578\" data-element_type=\"section\">\n\t\t\t\t\t\t<div class=\"elementor-container elementor-column-gap-default\">\n\t\t\t\t\t\t\t<div class=\"elementor-row\">\n\t\t\t\t\t<div class=\"elementor-column elementor-col-50 elementor-inner-column elementor-element elementor-element-a201836\" data-id=\"a201836\" data-element_type=\"column\">\n\t\t\t<div class=\"elementor-column-wrap elementor-element-populated\">\n\t\t\t\t\t\t\t<div class=\"elementor-widget-wrap\">\n\t\t\t\t\t\t<div class=\"elementor-element elementor-element-c8150d0 animated-slow elementor-invisible elementor-widget elementor-widget-image\" data-id=\"c8150d0\" data-element_type=\"widget\" data-settings=\"{&quot;_animation&quot;:&quot;fadeInLeft&quot;,&quot;_animation_mobile&quot;:&quot;fadeInLeft&quot;}\" data-widget_type=\"image.default\">\n\t\t\t\t<div class=\"elementor-widget-container\">\n\t\t\t\t\t\t\t\t<div class=\"elementor-image\">\n\t\t\t\t\t\t\t\t\t\t\t\t<img loading=\"lazy\" decoding=\"async\" width=\"500\" height=\"325\" src=\"https:\/\/labellabio.com\/wp-content\/uploads\/2020\/06\/SUGARING-e1591179340882.jpg\" class=\"attachment-large size-large\" alt=\"Sugaring depilaci\u00f3n natural azucar La Bella Bio\" \/>\t\t\t\t\t\t\t\t\t\t\t\t\t\t<\/div>\n\t\t\t\t\t\t<\/div>\n\t\t\t\t<\/div>\n\t\t\t\t\t\t<\/div>\n\t\t\t\t\t<\/div>\n\t\t<\/div>\n\t\t\t\t<div class=\"elementor-column elementor-col-50 elementor-inner-column elementor-element elementor-element-d7e63dd\" data-id=\"d7e63dd\" data-element_type=\"column\">\n\t\t\t<div class=\"elementor-column-wrap elementor-element-populated\">\n\t\t\t\t\t\t\t<div class=\"elementor-widget-wrap\">\n\t\t\t\t\t\t<div class=\"elementor-element elementor-element-a01b895 animated-slow elementor-invisible elementor-widget elementor-widget-text-editor\" data-id=\"a01b895\" data-element_type=\"widget\" data-settings=\"{&quot;_animation&quot;:&quot;fadeInRight&quot;,&quot;_animation_mobile&quot;:&quot;fadeInRight&quot;}\" data-widget_type=\"text-editor.default\">\n\t\t\t\t<div class=\"elementor-widget-container\">\n\t\t\t\t\t\t\t\t<div class=\"elementor-text-editor elementor-clearfix\">\n\t\t\t\t<p style=\"text-align: center;\"><strong>SUGARING<\/strong>\u00a0 o <strong>Depilaci\u00f3n con pasta de az\u00facar<\/strong> es un m\u00e9todo de eliminaci\u00f3n del vello que tiene sus or\u00edgenes en el Antiguo Egipto.\u00a0\u00a0 Nuestra pasta de az\u00facar est\u00e1 compuesta \u00fanicamente por <strong>az\u00facar, agua y lim\u00f3n<\/strong>, por lo que es un <strong>m\u00e9todo totalmente natural<\/strong> y respetuoso con tu piel. Se aplica a temperatura ambiente<strong> sin aportar calor<\/strong> a la zona a depilar, con lo que es muy recomendable para utilizar sobre <strong>zonas sensibles<\/strong> como el labio superior, axilas e ingles. Su sistema de aplicaci\u00f3n minimiza el riesgo de rotura del vello, con lo que adem\u00e1s de sus beneficios sobre la piel, notar\u00e1s una <strong>mayor duraci\u00f3n de la depilaci\u00f3n<\/strong>.\u00a0\u00a0 \u00a0 \u00a0 \u00a0 \u00a0 \u00a0 \u00a0<\/p><p style=\"text-align: center;\">Labio superior&#8230;&#8230;7,50 \u20ac<br \/>Ment\u00f3n&#8230;&#8230;.. 11 \u20ac<br \/>Axilas&#8230;&#8230;13 \u20ac<br \/>Ingles&#8230;&#8230;.17 \u20ac<br \/>Brasile\u00f1as&#8230;&#8230;.25 \u20ac<br \/>Medias piernas&#8230;&#8230;.23 \u20ac<br \/>Piernas enteras&#8230;&#8230;.32 \u20ac<\/p>\t\t\t\t\t<\/div>\n\t\t\t\t\t\t<\/div>\n\t\t\t\t<\/div>\n\t\t\t\t\t\t<\/div>\n\t\t\t\t\t<\/div>\n\t\t<\/div>\n\t\t\t\t\t\t\t\t<\/div>\n\t\t\t\t\t<\/div>\n\t\t<\/section>\n\t\t\t\t\t\t<\/div>\n\t\t\t\t\t<\/div>\n\t\t<\/div>\n\t\t\t\t\t\t\t\t<\/div>\n\t\t\t\t\t<\/div>\n\t\t<\/section>\n\t\t\t\t<section class=\"elementor-section elementor-top-section elementor-element elementor-element-aca5f67 elementor-section-boxed elementor-section-height-default elementor-section-height-default\" data-id=\"aca5f67\" data-element_type=\"section\">\n\t\t\t\t\t\t<div class=\"elementor-container elementor-column-gap-default\">\n\t\t\t\t\t\t\t<div class=\"elementor-row\">\n\t\t\t\t\t<div class=\"elementor-column elementor-col-100 elementor-top-column elementor-element elementor-element-9fdcb3a\" data-id=\"9fdcb3a\" data-element_type=\"column\">\n\t\t\t<div class=\"elementor-column-wrap elementor-element-populated\">\n\t\t\t\t\t\t\t<div class=\"elementor-widget-wrap\">\n\t\t\t\t\t\t<div class=\"elementor-element elementor-element-3545b73 animated-slow elementor-invisible elementor-widget elementor-widget-heading\" data-id=\"3545b73\" data-element_type=\"widget\" data-settings=\"{&quot;_animation&quot;:&quot;fadeIn&quot;,&quot;_animation_mobile&quot;:&quot;fadeIn&quot;}\" data-widget_type=\"heading.default\">\n\t\t\t\t<div class=\"elementor-widget-container\">\n\t\t\t<h2 class=\"elementor-heading-title elementor-size-large\">Depilaci\u00f3n Bio con Roll.on<\/h2>\t\t<\/div>\n\t\t\t\t<\/div>\n\t\t\t\t<section class=\"elementor-section elementor-inner-section elementor-element elementor-element-4600e05 elementor-section-boxed elementor-section-height-default elementor-section-height-default\" data-id=\"4600e05\" data-element_type=\"section\">\n\t\t\t\t\t\t<div class=\"elementor-container elementor-column-gap-default\">\n\t\t\t\t\t\t\t<div class=\"elementor-row\">\n\t\t\t\t\t<div class=\"elementor-column elementor-col-50 elementor-inner-column elementor-element elementor-element-61d31f2\" data-id=\"61d31f2\" data-element_type=\"column\">\n\t\t\t<div class=\"elementor-column-wrap elementor-element-populated\">\n\t\t\t\t\t\t\t<div class=\"elementor-widget-wrap\">\n\t\t\t\t\t\t<div class=\"elementor-element elementor-element-d27d6a7 animated-slow elementor-invisible elementor-widget elementor-widget-text-editor\" data-id=\"d27d6a7\" data-element_type=\"widget\" data-settings=\"{&quot;_animation&quot;:&quot;fadeInLeft&quot;}\" data-widget_type=\"text-editor.default\">\n\t\t\t\t<div class=\"elementor-widget-container\">\n\t\t\t\t\t\t\t\t<div class=\"elementor-text-editor elementor-clearfix\">\n\t\t\t\t<p>Sistema de <strong>depilaci\u00f3n\u00a0<\/strong> <strong>vegana<\/strong>, sin ingredientes de origen animal, conservantes ni perfumes. Est\u00e1 enriquecida con aceite de <strong>Tamanu ECO<\/strong> de cultivos <strong>100% sostenibles de Madagascar<\/strong>, que tiene propiedades reparadoradoras, suavizantes y antibacterianas. Su aplicaci\u00f3n se realiza con <strong>roll.on<\/strong> y se retira con <strong>bandas<\/strong>, por lo que es un sistema <strong>limpio y r\u00e1pido<\/strong> que eliminar\u00e1 eficazmente el vello y dejar\u00e1 tu piel sedosa .\u00a0<\/p><div>Medias piernas&#8230;&#8230;.17 \u20ac<\/div><div>Muslos&#8230;&#8230;..21 \u20ac<\/div><div>Piernas enteras&#8230;&#8230;..24 \u20ac<\/div><div>Brazos&#8230;&#8230;..17 \u20ac<\/div>\t\t\t\t\t<\/div>\n\t\t\t\t\t\t<\/div>\n\t\t\t\t<\/div>\n\t\t\t\t\t\t<\/div>\n\t\t\t\t\t<\/div>\n\t\t<\/div>\n\t\t\t\t<div class=\"elementor-column elementor-col-50 elementor-inner-column elementor-element elementor-element-70bd3ff\" data-id=\"70bd3ff\" data-element_type=\"column\">\n\t\t\t<div class=\"elementor-column-wrap elementor-element-populated\">\n\t\t\t\t\t\t\t<div class=\"elementor-widget-wrap\">\n\t\t\t\t\t\t<div class=\"elementor-element elementor-element-4bcaf3c animated-slow elementor-invisible elementor-widget elementor-widget-image\" data-id=\"4bcaf3c\" data-element_type=\"widget\" data-settings=\"{&quot;_animation&quot;:&quot;fadeInRight&quot;}\" data-widget_type=\"image.default\">\n\t\t\t\t<div class=\"elementor-widget-container\">\n\t\t\t\t\t\t\t\t<div class=\"elementor-image\">\n\t\t\t\t\t\t\t\t\t\t\t\t<img loading=\"lazy\" decoding=\"async\" width=\"500\" height=\"299\" src=\"https:\/\/labellabio.com\/wp-content\/uploads\/2020\/06\/depilaci\u00f3-roll.on_-e1591179153634.jpg\" class=\"attachment-large size-large\" alt=\"depilaci\u00f3n ecocertificada y vegana La Bella Bio\" \/>\t\t\t\t\t\t\t\t\t\t\t\t\t\t<\/div>\n\t\t\t\t\t\t<\/div>\n\t\t\t\t<\/div>\n\t\t\t\t\t\t<\/div>\n\t\t\t\t\t<\/div>\n\t\t<\/div>\n\t\t\t\t\t\t\t\t<\/div>\n\t\t\t\t\t<\/div>\n\t\t<\/section>\n\t\t\t\t\t\t<\/div>\n\t\t\t\t\t<\/div>\n\t\t<\/div>\n\t\t\t\t\t\t\t\t<\/div>\n\t\t\t\t\t<\/div>\n\t\t<\/section>\n\t\t\t\t\t\t\t\t\t<\/div>\n\t\t\t<\/div>\n\t\t\t\t\t<\/div>\n\t\t<!-- AddThis Advanced Settings generic via filter on the_content --><!-- AddThis Share Buttons generic via filter on the_content -->","protected":false},"excerpt":{"rendered":"<p>Depilaci\u00f3n Bio En la Bella Bio trabajamos con diferentes t\u00e9cnicas de depilaci\u00f3n natural para ofrecerte un amplio abanico de posibilidades de eliminar el vello eficazmente de manera suave y respetuosa&hellip;&nbsp;<a href=\"https:\/\/labellabio.com\/index.php\/depilacion-bio-hilo-sugaring\/\" class=\"\" rel=\"bookmark\">Leer m\u00e1s &raquo;<span class=\"screen-reader-text\">Depilaci\u00f3n BIO<\/span><\/a><!-- AddThis Advanced Settings generic via filter on get_the_excerpt --><!-- AddThis Share Buttons generic via filter on get_the_excerpt --><\/p>\n","protected":false},"author":1,"featured_media":0,"parent":0,"menu_order":0,"comment_status":"closed","ping_status":"closed","template":"page-templates\/template-pagebuilder-full-width.php","meta":{"footnotes":""},"class_list":["post-860","page","type-page","status-publish","hentry"],"_links":{"self":[{"href":"https:\/\/labellabio.com\/index.php\/wp-json\/wp\/v2\/pages\/860","targetHints":{"allow":["GET"]}}],"collection":[{"href":"https:\/\/labellabio.com\/index.php\/wp-json\/wp\/v2\/pages"}],"about":[{"href":"https:\/\/labellabio.com\/index.php\/wp-json\/wp\/v2\/types\/page"}],"author":[{"embeddable":true,"href":"https:\/\/labellabio.com\/index.php\/wp-json\/wp\/v2\/users\/1"}],"replies":[{"embeddable":true,"href":"https:\/\/labellabio.com\/index.php\/wp-json\/wp\/v2\/comments?post=860"}],"version-history":[{"count":44,"href":"https:\/\/labellabio.com\/index.php\/wp-json\/wp\/v2\/pages\/860\/revisions"}],"predecessor-version":[{"id":1411,"href":"https:\/\/labellabio.com\/index.php\/wp-json\/wp\/v2\/pages\/860\/revisions\/1411"}],"wp:attachment":[{"href":"https:\/\/labellabio.com\/index.php\/wp-json\/wp\/v2\/media?parent=860"}],"curies":[{"name":"wp","href":"https:\/\/api.w.org\/{rel}","templated":true}]}}